{"id":64222,"date":"2020-06-25T06:27:16","date_gmt":"2020-06-25T06:27:16","guid":{"rendered":"https:\/\/flsa-ks.com?page_id=463"},"modified":"2026-01-29T12:35:50","modified_gmt":"2026-01-29T12:35:50","slug":"about-us","status":"publish","type":"page","link":"https:\/\/flsa-ks.com\/index.php\/about-us\/","title":{"rendered":"Rreth Nesh"},"content":{"rendered":"\t\t<div data-elementor-type=\"wp-page\" data-elementor-id=\"64222\" class=\"elementor elementor-64222\">\n\t\t\t\t\t\t<section class=\"elementor-section elementor-top-section elementor-element elementor-element-ae27c47 elementor-section-stretched elementor-section-full_width elementor-section-height-default elementor-section-height-default\" data-id=\"ae27c47\" data-element_type=\"section\" data-settings=\"{&quot;stretch_section&quot;:&quot;section-stretched&quot;}\">\n\t\t\t\t\t\t<div class=\"elementor-container elementor-column-gap-no\">\n\t\t\t\t\t<div class=\"elementor-column elementor-col-100 elementor-top-column elementor-element elementor-element-44649d1\" data-id=\"44649d1\" data-element_type=\"column\">\n\t\t\t<div class=\"elementor-widget-wrap elementor-element-populated\">\n\t\t\t\t\t\t<div class=\"elementor-element elementor-element-3c2effa elementor-widget elementor-widget-fionca_about_tab\" data-id=\"3c2effa\" data-element_type=\"widget\" data-widget_type=\"fionca_about_tab.default\">\n\t\t\t\t<div class=\"elementor-widget-container\">\n\t\t\t\t\t\r\n<section class=\"about-style-two about-page-1 bg-color-1\">\r\n\t<div class=\"auto-container\">\r\n\t\t<div class=\"row clearfix\">\r\n\t\t\t<div class=\"col-lg-7 col-md-12 col-sm-12 content-column\">\r\n\t\t\t\t<div id=\"content_block_three\">\r\n\t\t\t\t\t<div class=\"content-box\">\r\n\t\t\t\t\t\t<div class=\"sec-title right\">\r\n\t\t\t\t\t\t\t<h5>Rreth FLSA<\/h5>\r\n\t\t\t\t\t\t\t<h2><\/h2>\r\n\t\t\t\t\t\t<\/div>\r\n\t\t\t\t\t\t<div class=\"text\">\r\n\t\t\t\t\t\t\t<p>E themeluar n\u00eb vitin 2007, Financial Law Smart Agency (FLSA) ofron sh\u00ebrbime t\u00eb integruara juridike, financiare dhe konsulence n\u00eb fusha t\u00eb ndryshme, t\u00eb orientuara drejt mb\u00ebshtetjes s\u00eb institucioneve publike, bizneseve, organizatave joqeveritare dhe personave fizik\u00eb.\nEdukimi i vazhduesh\u00ebm profesional, p\u00ebrmes trajnimeve, seminareve dhe konferencave, \u00ebsht\u00eb n\u00eb thelb t\u00eb veprimtaris\u00eb s\u00eb FLSA-s\u00eb, duke kontribuar n\u00eb ngritjen e kapaciteteve profesionale t\u00eb personave juridik\u00eb dhe fizik\u00eb.\nKrahas k\u00ebsaj, FLSA ofron sh\u00ebrbime t\u00eb specializuara n\u00eb k\u00ebshillim p\u00ebr investime, zhvillim organizativ, hartimin e dokumenteve strategjike dhe ligjore, vler\u00ebsimin e rreziqeve, menaxhimin dhe ark\u00ebtimin e borxheve, si dhe k\u00ebshillime n\u00eb fusha t\u00eb ndryshme, duke u bazuar n\u00eb profesionaliz\u00ebm, integritet dhe zgjidhje t\u00eb personalizuara.<\/p>\r\n\t\t\t\t\t\t<\/div>\r\n\t\t\t\t\t\t<div class=\"tabs-box\">\r\n\t\t\t\t\t\t\t<div class=\"tab-btn-box\">\r\n\t\t\t\t\t\t\t\t<ul class=\"tab-btns tab-buttons clearfix\">\r\n\t\t\t\t\t\t\t\t\t\t\t\t\t\t\t\t\t\t<li class=\"tab-btn active-btn\" data-tab=\"#tab-1\">\r\n\t\t\t\t\t\t\t\t\t\tMisioni i FLSA-s\u00eb<\/li>\r\n\t\t\t\t\t\t\t\t\t\t\t\t\t\t\t\t\t\t\t<li class=\"tab-btn \" data-tab=\"#tab-2\">\r\n\t\t\t\t\t\t\t\t\t\tVizioni i FLSA-s\u00eb<\/li>\r\n\t\t\t\t\t\t\t\t\t\t\r\n\t\t\t\t\t\t\t\t<\/ul>\r\n\t\t\t\t\t\t\t<\/div>\r\n\t\t\t\t\t\t\t<div class=\"tabs-content\">\r\n\t\t\t\t\t\t\t\t\t\t\t\t\t\t\t\t<div class=\"tab active-tab\" id=\"tab-1\">\r\n\t\t\t\t\t\t\t\t\t<div class=\"content-inner\">\r\n\t\t\t\t\t\t\t\t\t\t<p>T\u00eb ofrojm\u00eb k\u00ebshillim dhe p\u00ebrfaq\u00ebsim ligjor profesional p\u00ebr individ\u00eb, si dhe sh\u00ebrbime t\u00eb integruara juridike, financiare, menaxheriale, zhvillimore dhe edukim n\u00eb vazhdim p\u00ebr institucione publike, biznese dhe organizata, duke mb\u00ebshtetur sigurin\u00eb juridike, vendimmarrjen e informuar, menaxhimin efektiv t\u00eb rrezikut, qeverisjen e mir\u00eb dhe zhvillimin e q\u00ebndruesh\u00ebm afatgjat\u00eb.<\/p>\r\n\t\t\t\t\t\t\t\t\t\t<a href=\"#\"\r\n\t\t\t\t\t\t\t\t\t\t\t ><i\r\n\t\t\t\t\t\t\t\t\t\t\t\tclass=\"fas fa-arrow-right\"><\/i><span><\/span><\/a>\r\n\t\t\t\t\t\t\t\t\t<\/div>\r\n\t\t\t\t\t\t\t\t<\/div>\r\n\t\t\t\t\t\t\t\t\t\t\t\t\t\t\t\t\t<div class=\"tab \" id=\"tab-2\">\r\n\t\t\t\t\t\t\t\t\t<div class=\"content-inner\">\r\n\t\t\t\t\t\t\t\t\t\t<p>T\u00eb jet\u00eb nj\u00eb kompani lidere dhe e besueshme n\u00eb rajon n\u00eb ofrimin e zgjidhjeve t\u00eb integruara juridike, financiare dhe strategjike, q\u00eb kontribuojn\u00eb n\u00eb forcimin e institucioneve, organizatave dhe bizneseve p\u00ebr t\u00eb qen\u00eb t\u00eb q\u00ebndrueshme, transparente dhe me performanc\u00eb t\u00eb lart\u00eb.<\/p>\r\n\t\t\t\t\t\t\t\t\t\t<a href=\"#\"\r\n\t\t\t\t\t\t\t\t\t\t\t ><i\r\n\t\t\t\t\t\t\t\t\t\t\t\tclass=\"fas fa-arrow-right\"><\/i><span><\/span><\/a>\r\n\t\t\t\t\t\t\t\t\t<\/div>\r\n\t\t\t\t\t\t\t\t<\/div>\r\n\t\t\t\t\t\t\t\t\t\t\t\t\t\t\t\t<\/div>\r\n\t\t\t\t\t\t<\/div>\r\n\t\t\t\t\t<\/div>\r\n\t\t\t\t<\/div>\r\n\t\t\t<\/div>\r\n\t\t\t<div class=\"col-lg-5 col-md-12 col-sm-12 image-column\">\r\n\t\t\t\t<div id=\"image_block_two\">\r\n\t\t\t\t\t<div class=\"image-box\">\r\n\t\t\t\t\t\t<div class=\"pattern-layer\"\r\n\t\t\t\t\t\t\tstyle=\"background-image: url();\"><\/div>\r\n\t\t\t\t\t\t\t\t\t\t\t\t<figure class=\"image\"><img fetchpriority=\"high\" decoding=\"async\" width=\"457\" height=\"455\" src=\"https:\/\/flsa-ks.com\/wp-content\/uploads\/2020\/06\/about-2.jpg\" class=\"attachment-full size-full\" alt=\"\" srcset=\"https:\/\/flsa-ks.com\/wp-content\/uploads\/2020\/06\/about-2.jpg 457w, https:\/\/flsa-ks.com\/wp-content\/uploads\/2020\/06\/about-2-300x300.jpg 300w, https:\/\/flsa-ks.com\/wp-content\/uploads\/2020\/06\/about-2-150x150.jpg 150w, https:\/\/flsa-ks.com\/wp-content\/uploads\/2020\/06\/about-2-80x80.jpg 80w\" sizes=\"(max-width: 457px) 100vw, 457px\" \/><\/figure>\r\n\t\t\t\t\t\t\t\t\t\t\t\t<div class=\"content-box\">\r\n\t\t\t\t\t\t\t<i class=\"fas fa-headphones-alt\"><\/i>\r\n\t\t\t\t\t\t\t<h4><\/h4>\r\n\t\t\t\t\t\t\t<h5> <a\r\n\t\t\t\t\t\t\t\t\thref=\"tel:\"><\/a>\r\n\t\t\t\t\t\t\t<\/h5>\r\n\t\t\t\t\t\t<\/div>\r\n\t\t\t\t\t<\/div>\r\n\t\t\t\t<\/div>\r\n\t\t\t<\/div>\r\n\t\t<\/div>\r\n\t<\/div>\r\n<\/section>\r\n\t\t\t\t\t\t<\/div>\n\t\t\t\t<\/div>\n\t\t\t\t\t<\/div>\n\t\t<\/div>\n\t\t\t\t\t<\/div>\n\t\t<\/section>\n\t\t\t\t<section class=\"elementor-section elementor-top-section elementor-element elementor-element-cd6599f elementor-section-stretched elementor-section-full_width elementor-section-height-default elementor-section-height-default\" data-id=\"cd6599f\" data-element_type=\"section\" data-settings=\"{&quot;stretch_section&quot;:&quot;section-stretched&quot;}\">\n\t\t\t\t\t\t<div class=\"elementor-container elementor-column-gap-default\">\n\t\t\t\t\t<div class=\"elementor-column elementor-col-100 elementor-top-column elementor-element elementor-element-6de4809\" data-id=\"6de4809\" data-element_type=\"column\">\n\t\t\t<div class=\"elementor-widget-wrap\">\n\t\t\t\t\t\t\t<\/div>\n\t\t<\/div>\n\t\t\t\t\t<\/div>\n\t\t<\/section>\n\t\t\t\t<section class=\"elementor-section elementor-top-section elementor-element elementor-element-f959bba elementor-section-stretched elementor-section-full_width elementor-section-height-default elementor-section-height-default\" data-id=\"f959bba\" data-element_type=\"section\" data-settings=\"{&quot;stretch_section&quot;:&quot;section-stretched&quot;}\">\n\t\t\t\t\t\t<div class=\"elementor-container elementor-column-gap-default\">\n\t\t\t\t\t<div class=\"elementor-column elementor-col-100 elementor-top-column elementor-element elementor-element-aabb1e2\" data-id=\"aabb1e2\" data-element_type=\"column\">\n\t\t\t<div class=\"elementor-widget-wrap elementor-element-populated\">\n\t\t\t\t\t\t<div class=\"elementor-element elementor-element-29516d1 elementor-widget elementor-widget-fianco_fun_fact\" data-id=\"29516d1\" data-element_type=\"widget\" data-widget_type=\"fianco_fun_fact.default\">\n\t\t\t\t<div class=\"elementor-widget-container\">\n\t\t\t\t\t\t\t\t\t\t<!-- funfact-style-four -->\r\n\t\t\t<section class=\"funfact-style-four about-page-1 centred\">\r\n\t\t\t\t<div class=\"auto-container\">\r\n\t\t\t\t\t<div class=\"row clearfix\">\r\n\t\t\t\t\t\t\t\t\t\t\t\t\t<div class=\"col-lg-4 col-md-6 col-sm-12 counter-column\">\r\n\t\t\t\t\t\t\t\t<div class=\"counter-block-four wow slideInUp\" data-wow-delay=\"0ms\" data-wow-duration=\"1500ms\">\r\n\t\t\t\t\t\t\t\t\t<div class=\"count-outer count-box\">\r\n\t\t\t\t\t\t\t\t\t\t<span class=\"count-text\" data-speed=\"1500\" data-stop=\"250\">0<\/span>+\t\t\t\t\t\t\t\t\t<\/div>\r\n\t\t\t\t\t\t\t\t\t<h3>Klient t\u00eb <br> K\u00ebnaqur<\/h3>\r\n\t\t\t\t\t\t\t\t<\/div>\r\n\t\t\t\t\t\t\t<\/div>\r\n\t\t\t\t\t\t\t\t\t\t\t\t\t<div class=\"col-lg-4 col-md-6 col-sm-12 counter-column\">\r\n\t\t\t\t\t\t\t\t<div class=\"counter-block-four wow slideInUp\" data-wow-delay=\"0ms\" data-wow-duration=\"1500ms\">\r\n\t\t\t\t\t\t\t\t\t<div class=\"count-outer count-box\">\r\n\t\t\t\t\t\t\t\t\t\t<span class=\"count-text\" data-speed=\"1500\" data-stop=\"750\">0<\/span>+\t\t\t\t\t\t\t\t\t<\/div>\r\n\t\t\t\t\t\t\t\t\t<h3>Projekte t\u00eb <br>P\u00ebrfunduara<\/h3>\r\n\t\t\t\t\t\t\t\t<\/div>\r\n\t\t\t\t\t\t\t<\/div>\r\n\t\t\t\t\t\t\t\t\t\t\t\t\t<div class=\"col-lg-4 col-md-6 col-sm-12 counter-column\">\r\n\t\t\t\t\t\t\t\t<div class=\"counter-block-four wow slideInUp\" data-wow-delay=\"0ms\" data-wow-duration=\"1500ms\">\r\n\t\t\t\t\t\t\t\t\t<div class=\"count-outer count-box\">\r\n\t\t\t\t\t\t\t\t\t\t<span class=\"count-text\" data-speed=\"1500\" data-stop=\"50\">0<\/span>+\t\t\t\t\t\t\t\t\t<\/div>\r\n\t\t\t\t\t\t\t\t\t<h3>Ekspert\u00eb t\u00eb <br> Angazhuar<\/h3>\r\n\t\t\t\t\t\t\t\t<\/div>\r\n\t\t\t\t\t\t\t<\/div>\r\n\t\t\t\t\t\t\t\t\t\t\t<\/div>\r\n\t\t\t\t<\/div>\r\n\t\t\t<\/section>\r\n\t\t\t<!-- funfact-style-four -->\r\n\t\t\t\t\t\t\t\t<\/div>\n\t\t\t\t<\/div>\n\t\t\t\t<div class=\"elementor-element elementor-element-b8ba25d elementor-widget elementor-widget-fionca_clients\" data-id=\"b8ba25d\" data-element_type=\"widget\" data-widget_type=\"fionca_clients.default\">\n\t\t\t\t<div class=\"elementor-widget-container\">\n\t\t\t\t\t\t\t\t\t\t<section class=\"clients-section\">\r\n\t\t\t\t<div class=\"auto-container\">\r\n\t\t\t\t\t<div class=\"clients-carousel owl-carousel owl-theme owl-dots-none owl-nav-none\">\r\n\t\t\t\t\t\t\r\n\t\t\t\t\t\t\t<figure class=\"client-logo\"><a href=\"https:\/\/flsa-ks.com\/\"  target=\"_blank\"  rel=\"nofollow\"><img decoding=\"async\" src=\"https:\/\/flsa-ks.com\/wp-content\/uploads\/2026\/01\/1-2.jpg\" title=\"1\" alt=\"1\" loading=\"lazy\" \/><\/a><\/figure>\r\n\t\t\t\t\t\t\r\n\t\t\t\t\t\t\t<figure class=\"client-logo\"><a href=\"https:\/\/flsa-ks.com\/\"  target=\"_blank\"  rel=\"nofollow\"><img decoding=\"async\" src=\"https:\/\/flsa-ks.com\/wp-content\/uploads\/2026\/01\/2-1.jpg\" title=\"2\" alt=\"2\" loading=\"lazy\" \/><\/a><\/figure>\r\n\t\t\t\t\t\t\r\n\t\t\t\t\t\t\t<figure class=\"client-logo\"><a href=\"https:\/\/flsa-ks.com\/\"  target=\"_blank\"  rel=\"nofollow\"><img decoding=\"async\" src=\"https:\/\/flsa-ks.com\/wp-content\/uploads\/2026\/01\/6.png\" title=\"6\" alt=\"6\" loading=\"lazy\" \/><\/a><\/figure>\r\n\t\t\t\t\t\t\r\n\t\t\t\t\t\t\t<figure class=\"client-logo\"><a href=\"https:\/\/flsa-ks.com\/\"  target=\"_blank\"  rel=\"nofollow\"><img decoding=\"async\" src=\"https:\/\/flsa-ks.com\/wp-content\/uploads\/2026\/01\/28_06_13_122482_02_05_13_55306_04_03_13_29989_MIE_LOGO.jpg\" title=\"28_06_13_122482_02_05_13_55306_04_03_13_29989_MIE_LOGO\" alt=\"28_06_13_122482_02_05_13_55306_04_03_13_29989_MIE_LOGO\" loading=\"lazy\" \/><\/a><\/figure>\r\n\t\t\t\t\t\t\r\n\t\t\t\t\t\t\t<figure class=\"client-logo\"><a href=\"https:\/\/flsa-ks.com\/\"  target=\"_blank\"  rel=\"nofollow\"><img decoding=\"async\" src=\"https:\/\/flsa-ks.com\/wp-content\/uploads\/2026\/01\/2560px-Raiffeisen_Bank_Romania.svg_.png\" title=\"2560px-Raiffeisen_Bank_Rom\u00e2nia.svg_\" alt=\"2560px-Raiffeisen_Bank_Rom\u00e2nia.svg_\" loading=\"lazy\" \/><\/a><\/figure>\r\n\t\t\t\t\t\t\r\n\t\t\t\t\t\t\t<figure class=\"client-logo\"><a href=\"https:\/\/flsa-ks.com\/\"  target=\"_blank\"  rel=\"nofollow\"><img decoding=\"async\" src=\"https:\/\/flsa-ks.com\/wp-content\/uploads\/2026\/01\/cropped-bqk-logo.png\" title=\"cropped-bqk-logo\" alt=\"cropped-bqk-logo\" loading=\"lazy\" \/><\/a><\/figure>\r\n\t\t\t\t\t\t\r\n\t\t\t\t\t\t\t<figure class=\"client-logo\"><a href=\"https:\/\/flsa-ks.com\/\"  target=\"_blank\"  rel=\"nofollow\"><img decoding=\"async\" src=\"https:\/\/flsa-ks.com\/wp-content\/uploads\/2026\/01\/images-1.png\" title=\"images (1)\" alt=\"images (1)\" loading=\"lazy\" \/><\/a><\/figure>\r\n\t\t\t\t\t\t\r\n\t\t\t\t\t\t\t<figure class=\"client-logo\"><a href=\"https:\/\/flsa-ks.com\/\"  target=\"_blank\"  rel=\"nofollow\"><img decoding=\"async\" src=\"https:\/\/flsa-ks.com\/wp-content\/uploads\/2026\/01\/images.png\" title=\"images\" alt=\"images\" loading=\"lazy\" \/><\/a><\/figure>\r\n\t\t\t\t\t\t\r\n\t\t\t\t\t\t\t<figure class=\"client-logo\"><a href=\"https:\/\/flsa-ks.com\/\"  target=\"_blank\"  rel=\"nofollow\"><img decoding=\"async\" src=\"https:\/\/flsa-ks.com\/wp-content\/uploads\/2026\/01\/KEP-TRUST.png\" title=\"KEP&#8212;TRUST\" alt=\"KEP---TRUST\" loading=\"lazy\" \/><\/a><\/figure>\r\n\t\t\t\t\t\t\r\n\t\t\t\t\t\t\t<figure class=\"client-logo\"><a href=\"https:\/\/flsa-ks.com\/\"  target=\"_blank\"  rel=\"nofollow\"><img decoding=\"async\" src=\"https:\/\/flsa-ks.com\/wp-content\/uploads\/2026\/01\/KosttLogo.png\" title=\"KosttLogo\" alt=\"KosttLogo\" loading=\"lazy\" \/><\/a><\/figure>\r\n\t\t\t\t\t\t\r\n\t\t\t\t\t<\/div>\r\n\t\t\t\t<\/div>\r\n\t\t\t<\/section>\r\n\t\t\t<!-- clients-section end -->\r\n\t\t\t\t\t\t\t\t<\/div>\n\t\t\t\t<\/div>\n\t\t\t\t\t<\/div>\n\t\t<\/div>\n\t\t\t\t\t<\/div>\n\t\t<\/section>\n\t\t\t\t<\/div>\n\t\t","protected":false},"excerpt":{"rendered":"<p>Rreth FLSA E themeluar n\u00eb vitin 2007, Financial Law Smart Agency (FLSA) ofron sh\u00ebrbime t\u00eb integruara juridike, financiare dhe konsulence <span>&#8230;<\/span><\/p>\n","protected":false},"author":1,"featured_media":1063,"parent":0,"menu_order":0,"comment_status":"closed","ping_status":"closed","template":"elementor_header_footer","meta":{"_acf_changed":false,"footnotes":""},"class_list":["post-64222","page","type-page","status-publish","has-post-thumbnail","hentry"],"acf":[],"_links":{"self":[{"href":"https:\/\/flsa-ks.com\/index.php\/wp-json\/wp\/v2\/pages\/64222","targetHints":{"allow":["GET"]}}],"collection":[{"href":"https:\/\/flsa-ks.com\/index.php\/wp-json\/wp\/v2\/pages"}],"about":[{"href":"https:\/\/flsa-ks.com\/index.php\/wp-json\/wp\/v2\/types\/page"}],"author":[{"embeddable":true,"href":"https:\/\/flsa-ks.com\/index.php\/wp-json\/wp\/v2\/users\/1"}],"replies":[{"embeddable":true,"href":"https:\/\/flsa-ks.com\/index.php\/wp-json\/wp\/v2\/comments?post=64222"}],"version-history":[{"count":72,"href":"https:\/\/flsa-ks.com\/index.php\/wp-json\/wp\/v2\/pages\/64222\/revisions"}],"predecessor-version":[{"id":65333,"href":"https:\/\/flsa-ks.com\/index.php\/wp-json\/wp\/v2\/pages\/64222\/revisions\/65333"}],"wp:featuredmedia":[{"embeddable":true,"href":"https:\/\/flsa-ks.com\/index.php\/wp-json\/wp\/v2\/media\/1063"}],"wp:attachment":[{"href":"https:\/\/flsa-ks.com\/index.php\/wp-json\/wp\/v2\/media?parent=64222"}],"curies":[{"name":"wp","href":"https:\/\/api.w.org\/{rel}","templated":true}]}}